 divided by 57434.
17
What is the remainder when 13281919 is divided by 722?
7
What is the remainder when 1361862 is divided by 376?
366
What is the remainder when 752005 is divided by 4375?
3880
What is the remainder when 341849433 is divided by 2034818?
9
Calculate the remainder when 53508194 is divided by 66223.
10
Calculate the remainder when 4923558 is divided by 2461759.
40
Calculate the remainder when 2696745 is divided by 1161.
903
Calculate the remainder when 598077 is divided by 5292.
81
What is the remainder when 108767204 is divided by 11?
7
What is the remainder when 21644 is divided by 445?
284
Calculate the remainder when 199304 is divided by 1533.
14
What is the remainder when 7899 is divided by 1746?
915
Calculate the remainder when 23723 is divided by 23170.
553
What is the remainder when 10293572 is divided by 376?
196
What is the remainder when 375746 is divided by 5780?
46
Calculate the remainder when 6749909 is divided by 15446.
7
What is the remainder when 25490787 is divided by 15?
12
Calculate the remainder when 2267270 is divided by 6046.
20
Calculate the remainder when 539716 is divided by 2573.
1959
Calculate the remainder when 5780748 is divided by 509.
35
What is the remainder when 1185442 is divided by 3794?
1714
What is the remainder when 1830536 is divided by 49?
43
Calculate the remainder when 1231117 is divided by 176.
173
Calculate the remainder when 18373918 is divided by 8737.
7
Calculate the remainder when 362309 is divided by 4202.
937
What is the remainder when 17468636 is divided by 246037?
9
What is the remainder when 1229287 is divided by 307321?
3
Calculate the remainder when 182957 is divided by 7762.
4431
What is the remainder when 38610764 is divided by 112?
108
Calculate the remainder when 20978797 is divided by 127.
48
Calculate the remainder when 68180 is divided by 337.
106
What is the remainder when 26990821 is divided by 1420568?
29
What is the remainder when 7940732 is divided by 9442?
10
Calculate the remainder when 612532 is divided by 26631.
19
What is the remainder when 39626 is divided by 35015?
4611
What is the remainder when 66955 is divided by 8363?
51
Calculate the remainder when 32191 is divided by 1387.
290
Calculate the remainder when 15682 is divided by 4188.
3118
What is the remainder when 6531494 is divided by 599?
597
What is the remainder when 32919 is divided by 15544?
1831
Calculate the remainder when 33105199 is divided by 4.
3
What is the remainder when 2057327 is divided by 1028663?
1
What is the remainder when 382808 is divided by 382760?
48
Calculate the remainder when 29001155 is divided by 4143021.
8
What is the remainder when 67788 is divided by 1239?
882
Calculate the remainder when 14748309 is divided by 39.
30
What is the remainder when 602593 is divided by 151?
103
Calculate the remainder when 1321346 is divided by 1084.
1034
Calculate the remainder when 8792001 is divided by 1758374.
131
Calculate the remainder when 1551778 is divided by 1551774.
4
What is the remainder when 74019364 is divided by 232?
228
Calculate the remainder when 7290768 is divided by 30.
18
Calculate the remainder when 152788 is divided by 209.
9
Calculate the remainder when 32072037 is divided by 395.
12
Calculate the remainder when 28220994 is divided by 6922.
0
Calculate the remainder when 64093 is divided by 2354.
535
Calculate the remainder when 104260946 is divided by 9876.
14
What is the remainder when 1370663 is divided by 640?
423
What is the remainder when 2388956 is divided by 1129?
1121
What is the remainder when 663507 is divided by 110581?
21
Calculate the remainder when 45337623 is divided by 711.
708
What is the remainder when 3544097 is divided by 10155?
2
Calculate the remainder when 1522368 is divided by 380589.
12
What is the remainder when 140786189 is divided by 20112311?
12
What is the remainder when 12416382 is divided by 255?
177
What is the remainder when 142129 is divided by 6767?
22
What is the remainder when 88316 is divided by 1665?
71
What is the remainder when 111530 is divided by 21?
20
Calculate the remainder when 237695 is divided by 3966.
3701
Calculate the remainder when 37579686 is divided by 322.
32
Calculate the remainder when 2611469 is divided by 18.
11
Calculate the remainder when 3006039 is divided by 17787.
36
Calculate the remainder when 12235421 is divided by 726.
143
Calculate the remainder when 135013 is divided by 26.
21
Calculate the remainder when 18094680 is divided by 24.
0
What is the remainder when 199876 is divided by 33297?
94
What is the remainder when 95788780 is divided by 8708068?
32
What is the remainder when 37639382 is divided by 21?
11
Calculate the remainder when 1283270 is divided by 427739.
53
Calculate the remainder when 1414409 is divided by 227.
199
Calculate the remainder when 123804 is divided by 121908.
1896
Calculate the remainder when 744303982 is divided by 1009.
1006
Calculate the remainder when 102015 is divided by 6904.
5359
Calculate the remainder when 856698 is divided by 5072.
4602
What is the remainder when 53610 is divided by 2665?
310
Calculate the remainder when 8949102 is divided by 895.
892
Calculate the remainder when 1204628960 is divided by 84.
80
Calculate the remainder when 632368 is divided by 1070.
1068
Calculate the remainder when 502317 is divided by 83255.
2787
Calculate the remainder when 15128844 is divided by 53.
47
What is the remainder when 45755100 is divided by 2067?
2055
Calculate the remainder when 329715 is divided by 329.
57
Calculate the remainder when 23545199 is divided by 280.
279
Calculate the remainder when 2639099 is divided by 9038.
3
What is the remainder when 4695496 is divided by 1173857?
68
Calculate the remainder when 304550 is divided by 1970.
1170
Calculate the remainder when 333198 is divided by 17.
15
Calculate the remainder when 2639111 is divided by 222.
197
Calculate the remainder when 87628465 is divided by 331926.
1
Calculate the remainder when 859031 is divided by 295.
286
What is the remainder when 31959722 is divided by 71?
66
What is the remainder when 6309127 is divided by 3154546?
35
Calculate the remainder when 33697 is divided by 338.
235
What is the remainder when 2255465 is divided by 1743?
23
What is the remainder when 831926 is divided by 247?
30
Calculate the remainder when 160565 is divided by 134.
33
What is the remainder when 20636547 is divided by 7158?
33
Calculate the remainder when 14113 is divided by 5857.
2399
What is the remainder when 10339340 is divided by 26?
24
Calculate the remainder when 556218189 is divided by 11.
10
What is the remainder when 82865 is divided by 655?
335
What is the remainder when 604186811 is divided by 154?
151
Calculate the remainder when 121362 is divided by 42.
24
Calculate the remainder when 2118714 is divided by 1374.
6
What is the remainder when 37662469 is divided by 4184717?
16
What is the remainder when 3585258 is divided by 1322?
1316
What is the remainder when 1835999 is divided by 45?
44
Calculate the remainder when 138780 is divided by 14860.
5040
Calculate the remainder when 54136170 is divided by 1835.
0
Calculate the remainder when 219777 is divided by 287.
222
Calculate the remainder when 7056640 is divided by 504045.
10
What is the remainder when 41434142 is divided by 78?
74
What is the remainder when 2232146 is divided by 20?
6
Calculate the remainder when 267935 is divided by 1942.
1881
Calculate the remainder when 600572365 is divided by 563.
560
Calculate the remainder when 4870672 is divided by 5081.
3074
Calculate the remainder when 192181 is divided by 7529.
3956
Calculate the remainder when 66575 is divided by 4553.
2833
What is the remainder when 2751217 is divided by 16373?
553
What is the remainder when 5249414 is divided by 488?
486
What is the remainder when 2308387 is divided by 288432?
931
What is the remainder when 2981813 is divided by 19747?
16
Calculate the remainder when 2314356 is divided by 168.
156
What is the remainder when 604630 is divided by 276?
190
What is the remainder when 2206903 is divided by 416?
23
Calculate the remainder when 1649566 is divided by 173.
11
Calculate the remainder when 29705470 is divided by 14852735.
0
What is the remainder when 60